6. What is the remainder when o is divided by 23?
11
What is the remainder when 41 is divided by 11/2*(-1)/((-1)/4)?
19
Let p(c) = 15*c**2 + 7*c + 10. Calculate the remainder when p(-4) is divided by 45.
42
Let q(v) = -v**2 - 3*v + 2. Let y be (-1)/(-1)*(1 - -1). What is the remainder when q(-3) is divided by -2*((-1)/y - 0)?
0
Suppose 5*a - 16 = 69. Let g(k) = k**3 + 10*k**2 + 7*k + 13. What is the remainder when g(-9) is divided by a?
14
Let i(m) be the first derivative of 4*m**2 - m + 4. Let k(n) = n**2 - 5*n + 3. What is the remainder when i(2) is divided by k(6)?
6
Let y(j) = -j**2 - 3*j - 2. Let f be y(-2). Suppose f*c + 80 = 5*c. Calculate the remainder when 31 is divided by c.
15
Let x = 21 + -15. Let f(t) = t**3 - 4*t**2 - 2*t - 4. What is the remainder when f(x) is divided by 19?
18
Let m = 50 - -45. What is the remainder when m is divided by 20?
15
Let j = -28 + 39. Calculate the remainder when 42 is divided by j.
9
Suppose -5*z = -4*z - 3. Let i be 2 - z*2/(-3). Suppose 5*d + 2*b + 37 = 124, -5*b + 73 = i*d. What is the remainder when 50 is divided by d?
16
Let s(q) = -26*q**3 + q**2 - 1. What is the remainder when 75 is divided by s(-1)?
23
Let m(u) = 10*u - 1. Let a be -2 + ((-36)/3)/(-3). Calculate the remainder when 37 is divided by m(a).
18
Suppose -5*j = 5*w - 2*w - 4, j = w + 4. Let h(q) = -1. Let p(k) = 11*k + 1. Let s(z) = 3*h(z) + p(z). What is the remainder when 39 is divided by s(j)?
19
Let n(i) = -2*i - 4. Let g be n(3). Calculate the remainder when g/(-55) - (-449)/11 is divided by 11.
8
Suppose 0*w = -2*w + 44. Calculate the remainder when w is divided by 5.
2
Suppose 10 = 5*m - 15. Calculate the remainder when (-51)/(-6) - 24/16 is divided by m.
2
Suppose x = -5 + 3. Let u = 21 + x. What is the remainder when 36 is divided by u?
17
Calculate the remainder when 57 is divided by ((-8)/(-1))/2 + 16.
17
Let m = -14 - -37. Calculate the remainder when m is divided by 8.
7
Suppose -6*g = -g - 90. Calculate the remainder when 70 is divided by g.
16
Suppose m - 55 = 4*h, -2*m = 4*h - 103 - 55. What is the remainder when m is divided by 12?
11
Suppose -23 = -5*r + 7. Let u(m) = m**2 + 8*m - 8. Let x be u(-8). What is the remainder when 4/16 + (-134)/x is divided by r?
5
Suppose -6*k + 53 = -133. Suppose -3*x - 10 = -4*x - s, 3*x - 4*s = 16. Calculate the remainder when k is divided by x.
7
What is the remainder when (-34)/(2 + -3 - 0) is divided by 9?
7
Let q = -24 + 14. Let i = -7 - q. Calculate the remainder when 24 is divided by 3 - (-15 - -2) - i.
11
Let q(n) = 9*n - 1. Let a be q(1). Suppose j = -j + a. What is the remainder when 13 is divided by j?
1
Let o(z) = -z - 4. Let c be o(-3). Let k be -2 + (c - 0) - -5. Calculate the remainder when 37/k - 5/10 is divided by 10.
8
Let j = -13 + 23. Let i = 24 - j. What is the remainder when 25 is divided by i?
11
Let r = 0 - -1. Suppose 2*c + r + 27 = 5*s, 3*s = -2*c + 4. Suppose -l - 18 = -u, 4*u + s = -3*l + 62. What is the remainder when 46 is divided by u?
14
Suppose 2*w - 22 - 25 = -5*u, -3*w + 18 = -3*u. Suppose 2*c = 2, 4 = -j + c + 23. What is the remainder when j is divided by w?
9
Let t = 88 + -39. Calculate the remainder when t is divided by 17.
15
What is the remainder when 15 is divided by 48/(-9)*9/(-6)?
7
Let z = -39 + 69. Suppose k - 6 = 5*i, 3*i + 19 = 2*k - 0*i. Calculate the remainder when z is divided by k.
8
Let j be -1 - (2 - 4) - 28. Let l = j - -52. What is the remainder when l is divided by ((-1)/(-2))/((-2)/(-36))?
7
What is the remainder when (107 - -3 - -4) + 1 is divided by 29?
28
Suppose -17 + 11 = -t. Calculate the remainder when 6 is divided by t.
0
Let y(x) = -x**2 - 10*x - 6. Let t be (1 - (-14)/4)*-2. Calculate the remainder when 5 is divided by y(t).
2
What is the remainder when 8 is divided by 3 - 0*(-3)/6?
2
Suppose -5*i + 3*i - 2 = 0, -4*i = 4*o + 4. Suppose -2*q + 6 + o = 0. Calculate the remainder when 8 is divided by q.
2
Suppose -3*p - 3*c + 9 = 0, 2*c = -3*p - 0*c + 11. Suppose 7 = 2*l - p. Calculate the remainder when 27 is divided by l.
3
Let l(o) be the second derivative of 3*o**4/4 + o**3/3 - o**2/2 - 4*o. What is the remainder when l(2) is divided by 10?
9
Suppose -p = 75 - 78. Calculate the remainder when 38 is divided by p.
2
Let x be 2*1 - (-6)/3. Suppose -3 - 1 = r, 0 = x*t + 4*r - 108. Calculate the remainder when t is divided by 8.
7
Suppose 3*f - 94 = f. Let u = 72 + -40. Suppose -6*r = -4*r - u. Calculate the remainder when f is divided by r.
15
Let w = 45 - -14. Calculate the remainder when w is divided by 10.
9
Let k be 5/(-15)*60/(-2). Suppose -5*t - 5*p + k = -60, -3*p - 28 = -4*t. What is the remainder when t is divided by 7?
3
Suppose 0 = -5*m + 24 - 4. Suppose 2 + m = 3*l. Calculate the remainder when 6 is divided by l.
0
Calculate the remainder when (-42 + 3)*(-1)/1 is divided by 1*-14*(13 - 14).
11
Let s = -8 - -11. Let c(f) = 5*f**2 - f. Let z be c(1). Suppose 0*p - s*p + 4*w + 46 = 0, -z*w = 3*p - 38. Calculate the remainder when 41 is divided by p.
13
Let j = -6 - -11. Suppose 4*f - 15 = j*y, 5*f - 13 = y + 11. Let g(s) = s + 9. Calculate the remainder when g(0) is divided by f.
4
Let i(z) = 2*z**2 + 13*z - 4. Let o be i(-7). Suppose -o*u + 8*u = 125. Calculate the remainder when u is divided by 14.
11
Let s be (3 + -2)*(-2)/(-1). Let c(i) = -i**3 - 6*i - 2 + 7*i**s - 2 + 5*i. What is the remainder when c(6) is divided by 14?
12
Suppose z + 8 = 31. Let a(b) = -2*b**3 + 17*b**2 - b - 13. What is the remainder when a(8) is divided by z?
20
Let l = -82 - -86. Calculate the remainder when 11 is divided by l.
3
Suppose -5*k + 96 + 65 = -3*i, 0 = 2*k - 3*i - 68. What is the remainder when k is divided by (-80)/6*6/(-5)?
15
Suppose -2*a - a - 69 = 0. Calculate the remainder when 3*a/(-2)*2 is divided by 24.
21
Suppose 0*x + 24 = -3*x. Let o = x - -13. Calculate the remainder when o is divided by 4.
1
Let a(w) be the third derivative of w**4/8 - 4*w**3/3 + 2*w**2. Calculate the remainder when 51 is divided by a(7).
12
Suppose 0 = -5*o + 5*h + 55, -o - 3*h = -h - 2. Calculate the remainder when 30 is divided by o.
6
Suppose -h - 21 = -2*h. Suppose 0 = -4*f - 5*n + h, -3*f - 3*n = -8 - 4. What is the remainder when (-26 - 0)/(-1) + f is divided by 13?
12
What is the remainder when 78 is divided by (22/(-55))/((-1)/100)?
38
Let n(r) = 33*r**2 - 4*r + 2. Suppose -9 = 3*l + 5*t, -3*l + 11 = -2*t - 1. What is the remainder when n(l) is divided by 32?
30
Let n be 2/((-2)/10*-2). Suppose 65 = 4*x - a, -n*x - 2*a + 60 = a. Calculate the remainder when 29 is divided by x.
14
Let d be 167/11 + (-8)/44. Let s = d - 11. What is the remainder when 11 is divided by s?
3
Suppose -3*u = -b - 4*b - 34, -5*u + 36 = 2*b. Calculate the remainder when 13 is divided by u.
5
Suppose -4*z = -4*d + 51 + 101, -2*z - 142 = -4*d. Let x = d - 7. Calculate the remainder when 76 is divided by x.
24
Suppose 3*f = 3*t + 36, -2*f - 4*t + 2 = -4. Calculate the remainder when 5/((-50)/(-68))*5 is divided by f.
7
Let w(m) = 2*m + 4. Let g be w(-9). Let f = g + 28. Calculate the remainder when 53 is divided by f.
11
Suppose -2*q - 56 + 150 = 0. What is the remainder when q is divided by 7?
5
Let f be (0 + 0)/(2/(-2)). Let o = f + 6. Suppose p = -o*c + 3*c + 11, -4 = -2*c. What is the remainder when 13 is divided by p?
3
Let x(i) = -i**3 + 10*i**2 - 6*i + 11. Let l(p) = p**3 + 6*p**2 - 8*p + 2. Let m be l(-7). Calculate the remainder when x(m) is divided by 13.
12
Let w = 7 + -2. Let f = 8 - w. Suppose 3*m - c - 22 = 0, 0*c - 20 = -2*m - 2*c. What is the remainder when m is divided by f?
2
Let s be 30/8 + 6/24. Suppose -s*a + 52 = -0*a. Calculate the remainder when 38 is divided by a.
12
Suppose -4*u - m + 3*m = -196, 5*m = -5*u + 215. What is the remainder when u is divided by 12?
11
Suppose -4 - 14 = -3*m. Suppose y = m*y - 20. Calculate the remainder when y is divided by 3.
1
Suppose 8*a - 7 - 1 = 0. Let m be (12/9)/(4/6). Suppose 0 = m*v - 4, -4*s - 3*v - 2*v = -14. What is the remainder when s is divided by a?
0
Let y be -2 + (-1 + -1)/2. What is the remainder when -4 - y - -44 - 2 is divided by 14?
13
Let j(h) = -7*h**3 - h**2 - 2*h - 1. Let d be j(-1). Suppose 3*s - 43 = -d. What is the remainder when 47 is divided by s?
11
Let r be 6/(-15) + (-